{"id":8972,"date":"2025-10-29T21:56:12","date_gmt":"2025-10-29T20:56:12","guid":{"rendered":"https:\/\/givannacastelo.es\/?post_type=product&#038;p=8972"},"modified":"2025-10-29T21:56:12","modified_gmt":"2025-10-29T20:56:12","slug":"conjunto-largo-strapless-bless-me-ref-bm6017","status":"publish","type":"product","link":"https:\/\/givannacastelo.es\/index.php\/producto\/conjunto-largo-strapless-bless-me-ref-bm6017\/","title":{"rendered":"Conjunto Largo Strapless Bless Me Ref. BM6017"},"content":{"rendered":"<p data-end=\"442\" data-start=\"236\">Un dise\u00f1o minimalista que destaca por su elegancia y detalles femeninos. Este conjunto sin tirantes en tono blanco es ideal para crear looks sofisticados y vers\u00e1tiles, perfectos para eventos de d\u00eda o noche.<\/p>\n<ul data-end=\"809\" data-start=\"444\">\n<li data-end=\"518\" data-start=\"444\">\n<p data-end=\"518\" data-start=\"446\">Top strapless con estructura tipo corset y mo\u00f1os decorativos frontales<\/p>\n<\/li>\n<li data-end=\"593\" data-start=\"519\">\n<p data-end=\"593\" data-start=\"521\">Pantal\u00f3n de tiro alto con corte recto que estiliza y alarga la silueta<\/p>\n<\/li>\n<li data-end=\"660\" data-start=\"594\">\n<p data-end=\"660\" data-start=\"596\">Dise\u00f1o completamente blanco que aporta elegancia y luminosidad<\/p>\n<\/li>\n<li data-end=\"722\" data-start=\"661\">\n<p data-end=\"722\" data-start=\"663\">Tela el\u00e1stica y c\u00f3moda que se ajusta suavemente al cuerpo<\/p>\n<\/li>\n<li data-end=\"809\" data-start=\"723\">\n<p data-end=\"809\" data-start=\"725\">Ideal para ocasiones especiales, cenas, celebraciones o looks de verano con estilo<\/p>\n<\/li>\n<\/ul>\n<p data-end=\"920\" data-start=\"811\">Comb\u00ednalo con sandalias de tac\u00f3n o accesorios dorados para elevar el outfit.<\/p>\n<p data-end=\"1077\" data-start=\"922\"><strong data-end=\"992\" data-start=\"922\">Moda colombiana con env\u00edos gratis en Espa\u00f1a \u2013 Entregas en 24 horas<\/strong><\/p>\n","protected":false},"excerpt":{"rendered":"<p>Un dise\u00f1o minimalista que destaca por su elegancia y detalles femeninos. Este conjunto sin tirantes en tono blanco es ideal para crear looks sofisticados y vers\u00e1tiles, perfectos para eventos de d\u00eda o noche. Top strapless con estructura tipo corset y mo\u00f1os decorativos frontales Pantal\u00f3n de tiro alto con corte recto que estiliza y alarga la [&hellip;]<\/p>\n","protected":false},"featured_media":8952,"comment_status":"open","ping_status":"closed","template":"","meta":{"_et_pb_use_builder":"","_et_pb_old_content":"","_et_gb_content_width":""},"product_brand":[],"product_cat":[160,162,22],"product_tag":[79,80,576,356],"class_list":{"0":"post-8972","1":"product","2":"type-product","3":"status-publish","4":"has-post-thumbnail","6":"product_cat-conjuntos-2","7":"product_cat-conjuntos-largos","8":"product_cat-conjuntos","9":"product_tag-conjunto-bless-me","10":"product_tag-conjunto-casual","11":"product_tag-conjunto-de-strapless","12":"product_tag-moda-colombiana","14":"first","15":"instock","16":"shipping-taxable","17":"purchasable","18":"product-type-variable"},"yoast_head":"<!-- This site is optimized with the Yoast SEO plugin v25.9 - https:\/\/yoast.com\/wordpress\/plugins\/seo\/ -->\n<title>Conjunto Largo Strapless Bless Me Ref. BM6017 - Givanna Castelo<\/title>\n<meta name=\"description\" content=\"Conjunto Largo Strapless Bless Me Ref. BM6017\" \/>\n<meta name=\"robots\" content=\"index, follow, max-snippet:-1, max-image-preview:large, max-video-preview:-1\" \/>\n<link rel=\"canonical\" href=\"https:\/\/givannacastelo.es\/index.php\/producto\/conjunto-largo-strapless-bless-me-ref-bm6017\/\" \/>\n<meta property=\"og:locale\" content=\"es_ES\" \/>\n<meta property=\"og:type\" content=\"article\" \/>\n<meta property=\"og:title\" content=\"Conjunto Largo Strapless Bless Me Ref. BM6017 - Givanna Castelo\" \/>\n<meta property=\"og:description\" content=\"Conjunto Largo Strapless Bless Me Ref. BM6017\" \/>\n<meta property=\"og:url\" content=\"https:\/\/givannacastelo.es\/index.php\/producto\/conjunto-largo-strapless-bless-me-ref-bm6017\/\" \/>\n<meta property=\"og:site_name\" content=\"Givanna Castelo\" \/>\n<meta property=\"og:image\" content=\"https:\/\/givannacastelo.es\/wp-content\/uploads\/2025\/10\/IMG-20251029-WA0004.jpg\" \/>\n\t<meta property=\"og:image:width\" content=\"1600\" \/>\n\t<meta property=\"og:image:height\" content=\"1043\" \/>\n\t<meta property=\"og:image:type\" content=\"image\/jpeg\" \/>\n<meta name=\"twitter:card\" content=\"summary_large_image\" \/>\n<meta name=\"twitter:label1\" content=\"Tiempo de lectura\" \/>\n\t<meta name=\"twitter:data1\" content=\"1 minuto\" \/>\n<script type=\"application\/ld+json\" class=\"yoast-schema-graph\">{\"@context\":\"https:\/\/schema.org\",\"@graph\":[{\"@type\":\"WebPage\",\"@id\":\"https:\/\/givannacastelo.es\/index.php\/producto\/conjunto-largo-strapless-bless-me-ref-bm6017\/\",\"url\":\"https:\/\/givannacastelo.es\/index.php\/producto\/conjunto-largo-strapless-bless-me-ref-bm6017\/\",\"name\":\"Conjunto Largo Strapless Bless Me Ref. BM6017 - Givanna Castelo\",\"isPartOf\":{\"@id\":\"https:\/\/givannacastelo.es\/#website\"},\"primaryImageOfPage\":{\"@id\":\"https:\/\/givannacastelo.es\/index.php\/producto\/conjunto-largo-strapless-bless-me-ref-bm6017\/#primaryimage\"},\"image\":{\"@id\":\"https:\/\/givannacastelo.es\/index.php\/producto\/conjunto-largo-strapless-bless-me-ref-bm6017\/#primaryimage\"},\"thumbnailUrl\":\"https:\/\/givannacastelo.es\/wp-content\/uploads\/2025\/10\/IMG-20251029-WA0004.jpg\",\"datePublished\":\"2025-10-29T20:56:12+00:00\",\"description\":\"Conjunto Largo Strapless Bless Me Ref. BM6017\",\"breadcrumb\":{\"@id\":\"https:\/\/givannacastelo.es\/index.php\/producto\/conjunto-largo-strapless-bless-me-ref-bm6017\/#breadcrumb\"},\"inLanguage\":\"es\",\"potentialAction\":[{\"@type\":\"ReadAction\",\"target\":[\"https:\/\/givannacastelo.es\/index.php\/producto\/conjunto-largo-strapless-bless-me-ref-bm6017\/\"]}]},{\"@type\":\"ImageObject\",\"inLanguage\":\"es\",\"@id\":\"https:\/\/givannacastelo.es\/index.php\/producto\/conjunto-largo-strapless-bless-me-ref-bm6017\/#primaryimage\",\"url\":\"https:\/\/givannacastelo.es\/wp-content\/uploads\/2025\/10\/IMG-20251029-WA0004.jpg\",\"contentUrl\":\"https:\/\/givannacastelo.es\/wp-content\/uploads\/2025\/10\/IMG-20251029-WA0004.jpg\",\"width\":1600,\"height\":1043},{\"@type\":\"BreadcrumbList\",\"@id\":\"https:\/\/givannacastelo.es\/index.php\/producto\/conjunto-largo-strapless-bless-me-ref-bm6017\/#breadcrumb\",\"itemListElement\":[{\"@type\":\"ListItem\",\"position\":1,\"name\":\"Portada\",\"item\":\"https:\/\/givannacastelo.es\/\"},{\"@type\":\"ListItem\",\"position\":2,\"name\":\"Tienda\",\"item\":\"https:\/\/givannacastelo.es\/index.php\/tienda\/\"},{\"@type\":\"ListItem\",\"position\":3,\"name\":\"Conjunto Largo Strapless Bless Me Ref. BM6017\"}]},{\"@type\":\"WebSite\",\"@id\":\"https:\/\/givannacastelo.es\/#website\",\"url\":\"https:\/\/givannacastelo.es\/\",\"name\":\"Givanna Castelo\",\"description\":\"Descubre en Givanna Castelo las \u00faltimas tendencias en moda para mujer y hombre. Ropa de calidad, estilo \u00fanico y precios accesibles para que siempre luzcas espectacular. \u00a1Compra f\u00e1cil y r\u00e1pido online!\",\"publisher\":{\"@id\":\"https:\/\/givannacastelo.es\/#organization\"},\"alternateName\":\"givannacastelo.es\",\"potentialAction\":[{\"@type\":\"SearchAction\",\"target\":{\"@type\":\"EntryPoint\",\"urlTemplate\":\"https:\/\/givannacastelo.es\/?s={search_term_string}\"},\"query-input\":{\"@type\":\"PropertyValueSpecification\",\"valueRequired\":true,\"valueName\":\"search_term_string\"}}],\"inLanguage\":\"es\"},{\"@type\":\"Organization\",\"@id\":\"https:\/\/givannacastelo.es\/#organization\",\"name\":\"Givanna Castelo\",\"alternateName\":\"givanna castelo\",\"url\":\"https:\/\/givannacastelo.es\/\",\"logo\":{\"@type\":\"ImageObject\",\"inLanguage\":\"es\",\"@id\":\"https:\/\/givannacastelo.es\/#\/schema\/logo\/image\/\",\"url\":\"https:\/\/givannacastelo.es\/wp-content\/uploads\/2025\/09\/Asset-1-1-2.png\",\"contentUrl\":\"https:\/\/givannacastelo.es\/wp-content\/uploads\/2025\/09\/Asset-1-1-2.png\",\"width\":184,\"height\":177,\"caption\":\"Givanna Castelo\"},\"image\":{\"@id\":\"https:\/\/givannacastelo.es\/#\/schema\/logo\/image\/\"}}]}<\/script>\n<!-- \/ Yoast SEO plugin. -->","yoast_head_json":{"title":"Conjunto Largo Strapless Bless Me Ref. BM6017 - Givanna Castelo","description":"Conjunto Largo Strapless Bless Me Ref. BM6017","robots":{"index":"index","follow":"follow","max-snippet":"max-snippet:-1","max-image-preview":"max-image-preview:large","max-video-preview":"max-video-preview:-1"},"canonical":"https:\/\/givannacastelo.es\/index.php\/producto\/conjunto-largo-strapless-bless-me-ref-bm6017\/","og_locale":"es_ES","og_type":"article","og_title":"Conjunto Largo Strapless Bless Me Ref. BM6017 - Givanna Castelo","og_description":"Conjunto Largo Strapless Bless Me Ref. BM6017","og_url":"https:\/\/givannacastelo.es\/index.php\/producto\/conjunto-largo-strapless-bless-me-ref-bm6017\/","og_site_name":"Givanna Castelo","og_image":[{"width":1600,"height":1043,"url":"https:\/\/givannacastelo.es\/wp-content\/uploads\/2025\/10\/IMG-20251029-WA0004.jpg","type":"image\/jpeg"}],"twitter_card":"summary_large_image","twitter_misc":{"Tiempo de lectura":"1 minuto"},"schema":{"@context":"https:\/\/schema.org","@graph":[{"@type":"WebPage","@id":"https:\/\/givannacastelo.es\/index.php\/producto\/conjunto-largo-strapless-bless-me-ref-bm6017\/","url":"https:\/\/givannacastelo.es\/index.php\/producto\/conjunto-largo-strapless-bless-me-ref-bm6017\/","name":"Conjunto Largo Strapless Bless Me Ref. BM6017 - Givanna Castelo","isPartOf":{"@id":"https:\/\/givannacastelo.es\/#website"},"primaryImageOfPage":{"@id":"https:\/\/givannacastelo.es\/index.php\/producto\/conjunto-largo-strapless-bless-me-ref-bm6017\/#primaryimage"},"image":{"@id":"https:\/\/givannacastelo.es\/index.php\/producto\/conjunto-largo-strapless-bless-me-ref-bm6017\/#primaryimage"},"thumbnailUrl":"https:\/\/givannacastelo.es\/wp-content\/uploads\/2025\/10\/IMG-20251029-WA0004.jpg","datePublished":"2025-10-29T20:56:12+00:00","description":"Conjunto Largo Strapless Bless Me Ref. BM6017","breadcrumb":{"@id":"https:\/\/givannacastelo.es\/index.php\/producto\/conjunto-largo-strapless-bless-me-ref-bm6017\/#breadcrumb"},"inLanguage":"es","potentialAction":[{"@type":"ReadAction","target":["https:\/\/givannacastelo.es\/index.php\/producto\/conjunto-largo-strapless-bless-me-ref-bm6017\/"]}]},{"@type":"ImageObject","inLanguage":"es","@id":"https:\/\/givannacastelo.es\/index.php\/producto\/conjunto-largo-strapless-bless-me-ref-bm6017\/#primaryimage","url":"https:\/\/givannacastelo.es\/wp-content\/uploads\/2025\/10\/IMG-20251029-WA0004.jpg","contentUrl":"https:\/\/givannacastelo.es\/wp-content\/uploads\/2025\/10\/IMG-20251029-WA0004.jpg","width":1600,"height":1043},{"@type":"BreadcrumbList","@id":"https:\/\/givannacastelo.es\/index.php\/producto\/conjunto-largo-strapless-bless-me-ref-bm6017\/#breadcrumb","itemListElement":[{"@type":"ListItem","position":1,"name":"Portada","item":"https:\/\/givannacastelo.es\/"},{"@type":"ListItem","position":2,"name":"Tienda","item":"https:\/\/givannacastelo.es\/index.php\/tienda\/"},{"@type":"ListItem","position":3,"name":"Conjunto Largo Strapless Bless Me Ref. BM6017"}]},{"@type":"WebSite","@id":"https:\/\/givannacastelo.es\/#website","url":"https:\/\/givannacastelo.es\/","name":"Givanna Castelo","description":"Descubre en Givanna Castelo las \u00faltimas tendencias en moda para mujer y hombre. Ropa de calidad, estilo \u00fanico y precios accesibles para que siempre luzcas espectacular. \u00a1Compra f\u00e1cil y r\u00e1pido online!","publisher":{"@id":"https:\/\/givannacastelo.es\/#organization"},"alternateName":"givannacastelo.es","potentialAction":[{"@type":"SearchAction","target":{"@type":"EntryPoint","urlTemplate":"https:\/\/givannacastelo.es\/?s={search_term_string}"},"query-input":{"@type":"PropertyValueSpecification","valueRequired":true,"valueName":"search_term_string"}}],"inLanguage":"es"},{"@type":"Organization","@id":"https:\/\/givannacastelo.es\/#organization","name":"Givanna Castelo","alternateName":"givanna castelo","url":"https:\/\/givannacastelo.es\/","logo":{"@type":"ImageObject","inLanguage":"es","@id":"https:\/\/givannacastelo.es\/#\/schema\/logo\/image\/","url":"https:\/\/givannacastelo.es\/wp-content\/uploads\/2025\/09\/Asset-1-1-2.png","contentUrl":"https:\/\/givannacastelo.es\/wp-content\/uploads\/2025\/09\/Asset-1-1-2.png","width":184,"height":177,"caption":"Givanna Castelo"},"image":{"@id":"https:\/\/givannacastelo.es\/#\/schema\/logo\/image\/"}}]}},"jetpack_sharing_enabled":true,"_links":{"self":[{"href":"https:\/\/givannacastelo.es\/index.php\/wp-json\/wp\/v2\/product\/8972","targetHints":{"allow":["GET"]}}],"collection":[{"href":"https:\/\/givannacastelo.es\/index.php\/wp-json\/wp\/v2\/product"}],"about":[{"href":"https:\/\/givannacastelo.es\/index.php\/wp-json\/wp\/v2\/types\/product"}],"replies":[{"embeddable":true,"href":"https:\/\/givannacastelo.es\/index.php\/wp-json\/wp\/v2\/comments?post=8972"}],"wp:featuredmedia":[{"embeddable":true,"href":"https:\/\/givannacastelo.es\/index.php\/wp-json\/wp\/v2\/media\/8952"}],"wp:attachment":[{"href":"https:\/\/givannacastelo.es\/index.php\/wp-json\/wp\/v2\/media?parent=8972"}],"wp:term":[{"taxonomy":"product_brand","embeddable":true,"href":"https:\/\/givannacastelo.es\/index.php\/wp-json\/wp\/v2\/product_brand?post=8972"},{"taxonomy":"product_cat","embeddable":true,"href":"https:\/\/givannacastelo.es\/index.php\/wp-json\/wp\/v2\/product_cat?post=8972"},{"taxonomy":"product_tag","embeddable":true,"href":"https:\/\/givannacastelo.es\/index.php\/wp-json\/wp\/v2\/product_tag?post=8972"}],"curies":[{"name":"wp","href":"https:\/\/api.w.org\/{rel}","templated":true}]}}