{"id":8841,"date":"2025-10-22T20:56:25","date_gmt":"2025-10-22T18:56:25","guid":{"rendered":"https:\/\/givannacastelo.es\/?post_type=product&#038;p=8841"},"modified":"2025-10-22T20:56:25","modified_gmt":"2025-10-22T18:56:25","slug":"jean-colombiano-push-up-sin-bolsillos-ref-sv1513","status":"publish","type":"product","link":"https:\/\/givannacastelo.es\/index.php\/producto\/jean-colombiano-push-up-sin-bolsillos-ref-sv1513\/","title":{"rendered":"Jean Colombiano Push Up sin bolsillos Ref. SV1513"},"content":{"rendered":"<p>Te presentamos el jean levantacola de pretina alta en color camel con cierre de 4 botones de la marca colombiana Seven7. Este jean est\u00e1 dise\u00f1ado para moldear y realzar tu figura de manera natural, con su pretina alta que acent\u00faa la cintura y ofrece un ajuste c\u00f3modo y favorecedor. El detalle de los 4 botones de cierre a\u00f1ade un toque moderno, mientras que la bota tubo estiliza las piernas, creando una silueta esbelta. Confeccionado en un sofisticado color camel y con materiales de alta calidad, este jean es ideal para destacar con elegancia y versatilidad en cualquier ocasi\u00f3n.<\/p>\n<table>\n<tbody>\n<tr>\n<td><b>Talla<\/b><\/td>\n<td><b>Cintura (cm)<\/b><\/td>\n<td><b>Cadera (cm)<\/b><\/td>\n<td><b>Largo (cm)<\/b><\/td>\n<\/tr>\n<tr>\n<td>8<\/td>\n<td>70 \u2013 80<\/td>\n<td>80 \u2013 90<\/td>\n<td>99<\/td>\n<\/tr>\n<tr>\n<td>10<\/td>\n<td>74 \u2013 84<\/td>\n<td>88 \u2013 100<\/td>\n<td>100<\/td>\n<\/tr>\n<tr>\n<td>12<\/td>\n<td>80 \u2013 90<\/td>\n<td>90 \u2013 108<\/td>\n<td>101<\/td>\n<\/tr>\n<tr>\n<td>14<\/td>\n<td>82 \u2013 94<\/td>\n<td>94 \u2013 110<\/td>\n<td>102<\/td>\n<\/tr>\n<\/tbody>\n<\/table>\n","protected":false},"excerpt":{"rendered":"<p>Te presentamos el jean levantacola de pretina alta en color camel con cierre de 4 botones de la marca colombiana Seven7. Este jean est\u00e1 dise\u00f1ado para moldear y realzar tu figura de manera natural, con su pretina alta que acent\u00faa la cintura y ofrece un ajuste c\u00f3modo y favorecedor. El detalle de los 4 botones [&hellip;]<\/p>\n","protected":false},"featured_media":8837,"comment_status":"open","ping_status":"closed","template":"","meta":{"_et_pb_use_builder":"","_et_pb_old_content":"","_et_gb_content_width":""},"product_brand":[],"product_cat":[213,218,26],"product_tag":[440,527,73,566,390],"class_list":{"0":"post-8841","1":"product","2":"type-product","3":"status-publish","4":"has-post-thumbnail","6":"product_cat-pantalones","7":"product_cat-pantalones-tiro-alto","8":"product_cat-jeans-push-up","9":"product_tag-jeans-de-moda","10":"product_tag-jeans-efecto-push-up","11":"product_tag-jeans-levantacola","12":"product_tag-jeans-sevens","13":"product_tag-jeans-sin-bolsillo","15":"first","16":"instock","17":"shipping-taxable","18":"purchasable","19":"product-type-variable"},"yoast_head":"<!-- This site is optimized with the Yoast SEO plugin v25.9 - https:\/\/yoast.com\/wordpress\/plugins\/seo\/ -->\n<title>Jean Colombiano Push Up sin bolsillos Ref. SV1513 - Givanna Castelo<\/title>\n<meta name=\"description\" content=\"Jean Colombiano Push Up sin bolsillos Ref. SV1513\" \/>\n<meta name=\"robots\" content=\"index, follow, max-snippet:-1, max-image-preview:large, max-video-preview:-1\" \/>\n<link rel=\"canonical\" href=\"https:\/\/givannacastelo.es\/index.php\/producto\/jean-colombiano-push-up-sin-bolsillos-ref-sv1513\/\" \/>\n<meta property=\"og:locale\" content=\"es_ES\" \/>\n<meta property=\"og:type\" content=\"article\" \/>\n<meta property=\"og:title\" content=\"Jean Colombiano Push Up sin bolsillos Ref. SV1513 - Givanna Castelo\" \/>\n<meta property=\"og:description\" content=\"Jean Colombiano Push Up sin bolsillos Ref. SV1513\" \/>\n<meta property=\"og:url\" content=\"https:\/\/givannacastelo.es\/index.php\/producto\/jean-colombiano-push-up-sin-bolsillos-ref-sv1513\/\" \/>\n<meta property=\"og:site_name\" content=\"Givanna Castelo\" \/>\n<meta property=\"og:image\" content=\"https:\/\/givannacastelo.es\/wp-content\/uploads\/2025\/10\/IMG-20251022-WA0004.jpg\" \/>\n\t<meta property=\"og:image:width\" content=\"1600\" \/>\n\t<meta property=\"og:image:height\" content=\"1043\" \/>\n\t<meta property=\"og:image:type\" content=\"image\/jpeg\" \/>\n<meta name=\"twitter:card\" content=\"summary_large_image\" \/>\n<meta name=\"twitter:label1\" content=\"Tiempo de lectura\" \/>\n\t<meta name=\"twitter:data1\" content=\"1 minuto\" \/>\n<script type=\"application\/ld+json\" class=\"yoast-schema-graph\">{\"@context\":\"https:\/\/schema.org\",\"@graph\":[{\"@type\":\"WebPage\",\"@id\":\"https:\/\/givannacastelo.es\/index.php\/producto\/jean-colombiano-push-up-sin-bolsillos-ref-sv1513\/\",\"url\":\"https:\/\/givannacastelo.es\/index.php\/producto\/jean-colombiano-push-up-sin-bolsillos-ref-sv1513\/\",\"name\":\"Jean Colombiano Push Up sin bolsillos Ref. SV1513 - Givanna Castelo\",\"isPartOf\":{\"@id\":\"https:\/\/givannacastelo.es\/#website\"},\"primaryImageOfPage\":{\"@id\":\"https:\/\/givannacastelo.es\/index.php\/producto\/jean-colombiano-push-up-sin-bolsillos-ref-sv1513\/#primaryimage\"},\"image\":{\"@id\":\"https:\/\/givannacastelo.es\/index.php\/producto\/jean-colombiano-push-up-sin-bolsillos-ref-sv1513\/#primaryimage\"},\"thumbnailUrl\":\"https:\/\/givannacastelo.es\/wp-content\/uploads\/2025\/10\/IMG-20251022-WA0004.jpg\",\"datePublished\":\"2025-10-22T18:56:25+00:00\",\"description\":\"Jean Colombiano Push Up sin bolsillos Ref. SV1513\",\"breadcrumb\":{\"@id\":\"https:\/\/givannacastelo.es\/index.php\/producto\/jean-colombiano-push-up-sin-bolsillos-ref-sv1513\/#breadcrumb\"},\"inLanguage\":\"es\",\"potentialAction\":[{\"@type\":\"ReadAction\",\"target\":[\"https:\/\/givannacastelo.es\/index.php\/producto\/jean-colombiano-push-up-sin-bolsillos-ref-sv1513\/\"]}]},{\"@type\":\"ImageObject\",\"inLanguage\":\"es\",\"@id\":\"https:\/\/givannacastelo.es\/index.php\/producto\/jean-colombiano-push-up-sin-bolsillos-ref-sv1513\/#primaryimage\",\"url\":\"https:\/\/givannacastelo.es\/wp-content\/uploads\/2025\/10\/IMG-20251022-WA0004.jpg\",\"contentUrl\":\"https:\/\/givannacastelo.es\/wp-content\/uploads\/2025\/10\/IMG-20251022-WA0004.jpg\",\"width\":1600,\"height\":1043},{\"@type\":\"BreadcrumbList\",\"@id\":\"https:\/\/givannacastelo.es\/index.php\/producto\/jean-colombiano-push-up-sin-bolsillos-ref-sv1513\/#breadcrumb\",\"itemListElement\":[{\"@type\":\"ListItem\",\"position\":1,\"name\":\"Portada\",\"item\":\"https:\/\/givannacastelo.es\/\"},{\"@type\":\"ListItem\",\"position\":2,\"name\":\"Tienda\",\"item\":\"https:\/\/givannacastelo.es\/index.php\/tienda\/\"},{\"@type\":\"ListItem\",\"position\":3,\"name\":\"Jean Colombiano Push Up sin bolsillos Ref. SV1513\"}]},{\"@type\":\"WebSite\",\"@id\":\"https:\/\/givannacastelo.es\/#website\",\"url\":\"https:\/\/givannacastelo.es\/\",\"name\":\"Givanna Castelo\",\"description\":\"Descubre en Givanna Castelo las \u00faltimas tendencias en moda para mujer y hombre. Ropa de calidad, estilo \u00fanico y precios accesibles para que siempre luzcas espectacular. \u00a1Compra f\u00e1cil y r\u00e1pido online!\",\"publisher\":{\"@id\":\"https:\/\/givannacastelo.es\/#organization\"},\"alternateName\":\"givannacastelo.es\",\"potentialAction\":[{\"@type\":\"SearchAction\",\"target\":{\"@type\":\"EntryPoint\",\"urlTemplate\":\"https:\/\/givannacastelo.es\/?s={search_term_string}\"},\"query-input\":{\"@type\":\"PropertyValueSpecification\",\"valueRequired\":true,\"valueName\":\"search_term_string\"}}],\"inLanguage\":\"es\"},{\"@type\":\"Organization\",\"@id\":\"https:\/\/givannacastelo.es\/#organization\",\"name\":\"Givanna Castelo\",\"alternateName\":\"givanna castelo\",\"url\":\"https:\/\/givannacastelo.es\/\",\"logo\":{\"@type\":\"ImageObject\",\"inLanguage\":\"es\",\"@id\":\"https:\/\/givannacastelo.es\/#\/schema\/logo\/image\/\",\"url\":\"https:\/\/givannacastelo.es\/wp-content\/uploads\/2025\/09\/Asset-1-1-2.png\",\"contentUrl\":\"https:\/\/givannacastelo.es\/wp-content\/uploads\/2025\/09\/Asset-1-1-2.png\",\"width\":184,\"height\":177,\"caption\":\"Givanna Castelo\"},\"image\":{\"@id\":\"https:\/\/givannacastelo.es\/#\/schema\/logo\/image\/\"}}]}<\/script>\n<!-- \/ Yoast SEO plugin. -->","yoast_head_json":{"title":"Jean Colombiano Push Up sin bolsillos Ref. SV1513 - Givanna Castelo","description":"Jean Colombiano Push Up sin bolsillos Ref. SV1513","robots":{"index":"index","follow":"follow","max-snippet":"max-snippet:-1","max-image-preview":"max-image-preview:large","max-video-preview":"max-video-preview:-1"},"canonical":"https:\/\/givannacastelo.es\/index.php\/producto\/jean-colombiano-push-up-sin-bolsillos-ref-sv1513\/","og_locale":"es_ES","og_type":"article","og_title":"Jean Colombiano Push Up sin bolsillos Ref. SV1513 - Givanna Castelo","og_description":"Jean Colombiano Push Up sin bolsillos Ref. SV1513","og_url":"https:\/\/givannacastelo.es\/index.php\/producto\/jean-colombiano-push-up-sin-bolsillos-ref-sv1513\/","og_site_name":"Givanna Castelo","og_image":[{"width":1600,"height":1043,"url":"https:\/\/givannacastelo.es\/wp-content\/uploads\/2025\/10\/IMG-20251022-WA0004.jpg","type":"image\/jpeg"}],"twitter_card":"summary_large_image","twitter_misc":{"Tiempo de lectura":"1 minuto"},"schema":{"@context":"https:\/\/schema.org","@graph":[{"@type":"WebPage","@id":"https:\/\/givannacastelo.es\/index.php\/producto\/jean-colombiano-push-up-sin-bolsillos-ref-sv1513\/","url":"https:\/\/givannacastelo.es\/index.php\/producto\/jean-colombiano-push-up-sin-bolsillos-ref-sv1513\/","name":"Jean Colombiano Push Up sin bolsillos Ref. SV1513 - Givanna Castelo","isPartOf":{"@id":"https:\/\/givannacastelo.es\/#website"},"primaryImageOfPage":{"@id":"https:\/\/givannacastelo.es\/index.php\/producto\/jean-colombiano-push-up-sin-bolsillos-ref-sv1513\/#primaryimage"},"image":{"@id":"https:\/\/givannacastelo.es\/index.php\/producto\/jean-colombiano-push-up-sin-bolsillos-ref-sv1513\/#primaryimage"},"thumbnailUrl":"https:\/\/givannacastelo.es\/wp-content\/uploads\/2025\/10\/IMG-20251022-WA0004.jpg","datePublished":"2025-10-22T18:56:25+00:00","description":"Jean Colombiano Push Up sin bolsillos Ref. SV1513","breadcrumb":{"@id":"https:\/\/givannacastelo.es\/index.php\/producto\/jean-colombiano-push-up-sin-bolsillos-ref-sv1513\/#breadcrumb"},"inLanguage":"es","potentialAction":[{"@type":"ReadAction","target":["https:\/\/givannacastelo.es\/index.php\/producto\/jean-colombiano-push-up-sin-bolsillos-ref-sv1513\/"]}]},{"@type":"ImageObject","inLanguage":"es","@id":"https:\/\/givannacastelo.es\/index.php\/producto\/jean-colombiano-push-up-sin-bolsillos-ref-sv1513\/#primaryimage","url":"https:\/\/givannacastelo.es\/wp-content\/uploads\/2025\/10\/IMG-20251022-WA0004.jpg","contentUrl":"https:\/\/givannacastelo.es\/wp-content\/uploads\/2025\/10\/IMG-20251022-WA0004.jpg","width":1600,"height":1043},{"@type":"BreadcrumbList","@id":"https:\/\/givannacastelo.es\/index.php\/producto\/jean-colombiano-push-up-sin-bolsillos-ref-sv1513\/#breadcrumb","itemListElement":[{"@type":"ListItem","position":1,"name":"Portada","item":"https:\/\/givannacastelo.es\/"},{"@type":"ListItem","position":2,"name":"Tienda","item":"https:\/\/givannacastelo.es\/index.php\/tienda\/"},{"@type":"ListItem","position":3,"name":"Jean Colombiano Push Up sin bolsillos Ref. SV1513"}]},{"@type":"WebSite","@id":"https:\/\/givannacastelo.es\/#website","url":"https:\/\/givannacastelo.es\/","name":"Givanna Castelo","description":"Descubre en Givanna Castelo las \u00faltimas tendencias en moda para mujer y hombre. Ropa de calidad, estilo \u00fanico y precios accesibles para que siempre luzcas espectacular. \u00a1Compra f\u00e1cil y r\u00e1pido online!","publisher":{"@id":"https:\/\/givannacastelo.es\/#organization"},"alternateName":"givannacastelo.es","potentialAction":[{"@type":"SearchAction","target":{"@type":"EntryPoint","urlTemplate":"https:\/\/givannacastelo.es\/?s={search_term_string}"},"query-input":{"@type":"PropertyValueSpecification","valueRequired":true,"valueName":"search_term_string"}}],"inLanguage":"es"},{"@type":"Organization","@id":"https:\/\/givannacastelo.es\/#organization","name":"Givanna Castelo","alternateName":"givanna castelo","url":"https:\/\/givannacastelo.es\/","logo":{"@type":"ImageObject","inLanguage":"es","@id":"https:\/\/givannacastelo.es\/#\/schema\/logo\/image\/","url":"https:\/\/givannacastelo.es\/wp-content\/uploads\/2025\/09\/Asset-1-1-2.png","contentUrl":"https:\/\/givannacastelo.es\/wp-content\/uploads\/2025\/09\/Asset-1-1-2.png","width":184,"height":177,"caption":"Givanna Castelo"},"image":{"@id":"https:\/\/givannacastelo.es\/#\/schema\/logo\/image\/"}}]}},"jetpack_sharing_enabled":true,"_links":{"self":[{"href":"https:\/\/givannacastelo.es\/index.php\/wp-json\/wp\/v2\/product\/8841","targetHints":{"allow":["GET"]}}],"collection":[{"href":"https:\/\/givannacastelo.es\/index.php\/wp-json\/wp\/v2\/product"}],"about":[{"href":"https:\/\/givannacastelo.es\/index.php\/wp-json\/wp\/v2\/types\/product"}],"replies":[{"embeddable":true,"href":"https:\/\/givannacastelo.es\/index.php\/wp-json\/wp\/v2\/comments?post=8841"}],"wp:featuredmedia":[{"embeddable":true,"href":"https:\/\/givannacastelo.es\/index.php\/wp-json\/wp\/v2\/media\/8837"}],"wp:attachment":[{"href":"https:\/\/givannacastelo.es\/index.php\/wp-json\/wp\/v2\/media?parent=8841"}],"wp:term":[{"taxonomy":"product_brand","embeddable":true,"href":"https:\/\/givannacastelo.es\/index.php\/wp-json\/wp\/v2\/product_brand?post=8841"},{"taxonomy":"product_cat","embeddable":true,"href":"https:\/\/givannacastelo.es\/index.php\/wp-json\/wp\/v2\/product_cat?post=8841"},{"taxonomy":"product_tag","embeddable":true,"href":"https:\/\/givannacastelo.es\/index.php\/wp-json\/wp\/v2\/product_tag?post=8841"}],"curies":[{"name":"wp","href":"https:\/\/api.w.org\/{rel}","templated":true}]}}