{"id":670,"date":"2025-09-15T00:43:14","date_gmt":"2025-09-14T22:43:14","guid":{"rendered":"https:\/\/givannacastelo.es\/?post_type=product&#038;p=670"},"modified":"2025-10-03T20:23:21","modified_gmt":"2025-10-03T18:23:21","slug":"conjunto-de-blusa-y-pantalon-bless-me-ref-bm22050-48","status":"publish","type":"product","link":"https:\/\/givannacastelo.es\/index.php\/producto\/conjunto-de-blusa-y-pantalon-bless-me-ref-bm22050-48\/","title":{"rendered":"Conjunto de Blusa y Pantal\u00f3n BLESS ME Ref. BM22050-48"},"content":{"rendered":"<p data-end=\"475\" data-start=\"209\">Una propuesta fresca y moderna con personalidad. Este conjunto estampado es ideal para destacar con estilo en reuniones casuales, salidas con amigas o paseos de verano. La combinaci\u00f3n de colores y el dise\u00f1o suelto lo convierten en un must-have de la moda colombiana.<\/p>\n<p data-end=\"828\" data-start=\"744\"><strong data-end=\"828\" data-start=\"744\">Ideal para quienes aman la comodidad sin perder el estilo de la ropa colombiana.<\/strong><\/p>\n","protected":false},"excerpt":{"rendered":"<ul data-end=\"742\" data-start=\"477\">\n<li data-end=\"546\" data-start=\"477\">\n<p data-end=\"546\" data-start=\"479\">Blusa sin mangas con escote en V y tirantes decorativos trenzados<\/p>\n<\/li>\n<li data-end=\"606\" data-start=\"547\">\n<p data-end=\"606\" data-start=\"549\">Estampado abstracto en tonos azul marino y blanco hueso<\/p>\n<\/li>\n<li data-end=\"650\" data-start=\"607\">\n<p data-end=\"650\" data-start=\"609\">Cintura ajustable que realza la silueta<\/p>\n<\/li>\n<li data-end=\"697\" data-start=\"651\">\n<p data-end=\"697\" data-start=\"653\">Pantal\u00f3n palazzo con ca\u00edda amplia y c\u00f3moda<\/p>\n<\/li>\n<li data-end=\"742\" data-start=\"698\">\n<p data-end=\"742\" data-start=\"700\">Tejido suave, fresco y con excelente ca\u00edda<\/p>\n<\/li>\n<\/ul>\n<p data-end=\"828\" data-start=\"744\">\n","protected":false},"featured_media":688,"comment_status":"open","ping_status":"closed","template":"","meta":{"_et_pb_use_builder":"","_et_pb_old_content":"","_et_gb_content_width":""},"product_brand":[],"product_cat":[17],"product_tag":[79,109,111,106],"class_list":{"0":"post-670","1":"product","2":"type-product","3":"status-publish","4":"has-post-thumbnail","6":"product_cat-sin-categorizar","7":"product_tag-conjunto-bless-me","8":"product_tag-conjunto-colombiano","9":"product_tag-conjunto-elegante","10":"product_tag-conjuntos-de-moda","12":"first","13":"instock","14":"shipping-taxable","15":"purchasable","16":"product-type-variable"},"yoast_head":"<!-- This site is optimized with the Yoast SEO plugin v25.9 - https:\/\/yoast.com\/wordpress\/plugins\/seo\/ -->\n<title>Conjunto de Blusa y Pantal\u00f3n BLESS ME Ref. BM22050-48 - Givanna Castelo<\/title>\n<meta name=\"description\" content=\"Conjunto de Blusa y Pantal\u00f3n BLESS ME Ref. BM22050-48\" \/>\n<meta name=\"robots\" content=\"index, follow, max-snippet:-1, max-image-preview:large, max-video-preview:-1\" \/>\n<link rel=\"canonical\" href=\"https:\/\/givannacastelo.es\/index.php\/producto\/conjunto-de-blusa-y-pantalon-bless-me-ref-bm22050-48\/\" \/>\n<meta property=\"og:locale\" content=\"es_ES\" \/>\n<meta property=\"og:type\" content=\"article\" \/>\n<meta property=\"og:title\" content=\"Conjunto de Blusa y Pantal\u00f3n BLESS ME Ref. BM22050-48 - Givanna Castelo\" \/>\n<meta property=\"og:description\" content=\"Conjunto de Blusa y Pantal\u00f3n BLESS ME Ref. BM22050-48\" \/>\n<meta property=\"og:url\" content=\"https:\/\/givannacastelo.es\/index.php\/producto\/conjunto-de-blusa-y-pantalon-bless-me-ref-bm22050-48\/\" \/>\n<meta property=\"og:site_name\" content=\"Givanna Castelo\" \/>\n<meta property=\"article:modified_time\" content=\"2025-10-03T18:23:21+00:00\" \/>\n<meta property=\"og:image\" content=\"https:\/\/givannacastelo.es\/wp-content\/uploads\/2025\/09\/https___images.colombiaespassion.net_921752055323-scaled.jpg\" \/>\n\t<meta property=\"og:image:width\" content=\"1680\" \/>\n\t<meta property=\"og:image:height\" content=\"2560\" \/>\n\t<meta property=\"og:image:type\" content=\"image\/jpeg\" \/>\n<meta name=\"twitter:card\" content=\"summary_large_image\" \/>\n<meta name=\"twitter:label1\" content=\"Tiempo de lectura\" \/>\n\t<meta name=\"twitter:data1\" content=\"1 minuto\" \/>\n<script type=\"application\/ld+json\" class=\"yoast-schema-graph\">{\"@context\":\"https:\/\/schema.org\",\"@graph\":[{\"@type\":\"WebPage\",\"@id\":\"https:\/\/givannacastelo.es\/index.php\/producto\/conjunto-de-blusa-y-pantalon-bless-me-ref-bm22050-48\/\",\"url\":\"https:\/\/givannacastelo.es\/index.php\/producto\/conjunto-de-blusa-y-pantalon-bless-me-ref-bm22050-48\/\",\"name\":\"Conjunto de Blusa y Pantal\u00f3n BLESS ME Ref. BM22050-48 - Givanna Castelo\",\"isPartOf\":{\"@id\":\"https:\/\/givannacastelo.es\/#website\"},\"primaryImageOfPage\":{\"@id\":\"https:\/\/givannacastelo.es\/index.php\/producto\/conjunto-de-blusa-y-pantalon-bless-me-ref-bm22050-48\/#primaryimage\"},\"image\":{\"@id\":\"https:\/\/givannacastelo.es\/index.php\/producto\/conjunto-de-blusa-y-pantalon-bless-me-ref-bm22050-48\/#primaryimage\"},\"thumbnailUrl\":\"https:\/\/givannacastelo.es\/wp-content\/uploads\/2025\/09\/https___images.colombiaespassion.net_921752055323-scaled.jpg\",\"datePublished\":\"2025-09-14T22:43:14+00:00\",\"dateModified\":\"2025-10-03T18:23:21+00:00\",\"description\":\"Conjunto de Blusa y Pantal\u00f3n BLESS ME Ref. BM22050-48\",\"breadcrumb\":{\"@id\":\"https:\/\/givannacastelo.es\/index.php\/producto\/conjunto-de-blusa-y-pantalon-bless-me-ref-bm22050-48\/#breadcrumb\"},\"inLanguage\":\"es\",\"potentialAction\":[{\"@type\":\"ReadAction\",\"target\":[\"https:\/\/givannacastelo.es\/index.php\/producto\/conjunto-de-blusa-y-pantalon-bless-me-ref-bm22050-48\/\"]}]},{\"@type\":\"ImageObject\",\"inLanguage\":\"es\",\"@id\":\"https:\/\/givannacastelo.es\/index.php\/producto\/conjunto-de-blusa-y-pantalon-bless-me-ref-bm22050-48\/#primaryimage\",\"url\":\"https:\/\/givannacastelo.es\/wp-content\/uploads\/2025\/09\/https___images.colombiaespassion.net_921752055323-scaled.jpg\",\"contentUrl\":\"https:\/\/givannacastelo.es\/wp-content\/uploads\/2025\/09\/https___images.colombiaespassion.net_921752055323-scaled.jpg\",\"width\":1680,\"height\":2560},{\"@type\":\"BreadcrumbList\",\"@id\":\"https:\/\/givannacastelo.es\/index.php\/producto\/conjunto-de-blusa-y-pantalon-bless-me-ref-bm22050-48\/#breadcrumb\",\"itemListElement\":[{\"@type\":\"ListItem\",\"position\":1,\"name\":\"Portada\",\"item\":\"https:\/\/givannacastelo.es\/\"},{\"@type\":\"ListItem\",\"position\":2,\"name\":\"Tienda\",\"item\":\"https:\/\/givannacastelo.es\/index.php\/tienda\/\"},{\"@type\":\"ListItem\",\"position\":3,\"name\":\"Conjunto de Blusa y Pantal\u00f3n BLESS ME Ref. BM22050-48\"}]},{\"@type\":\"WebSite\",\"@id\":\"https:\/\/givannacastelo.es\/#website\",\"url\":\"https:\/\/givannacastelo.es\/\",\"name\":\"Givanna Castelo\",\"description\":\"Descubre en Givanna Castelo las \u00faltimas tendencias en moda para mujer y hombre. Ropa de calidad, estilo \u00fanico y precios accesibles para que siempre luzcas espectacular. \u00a1Compra f\u00e1cil y r\u00e1pido online!\",\"publisher\":{\"@id\":\"https:\/\/givannacastelo.es\/#organization\"},\"alternateName\":\"givannacastelo.es\",\"potentialAction\":[{\"@type\":\"SearchAction\",\"target\":{\"@type\":\"EntryPoint\",\"urlTemplate\":\"https:\/\/givannacastelo.es\/?s={search_term_string}\"},\"query-input\":{\"@type\":\"PropertyValueSpecification\",\"valueRequired\":true,\"valueName\":\"search_term_string\"}}],\"inLanguage\":\"es\"},{\"@type\":\"Organization\",\"@id\":\"https:\/\/givannacastelo.es\/#organization\",\"name\":\"Givanna Castelo\",\"alternateName\":\"givanna castelo\",\"url\":\"https:\/\/givannacastelo.es\/\",\"logo\":{\"@type\":\"ImageObject\",\"inLanguage\":\"es\",\"@id\":\"https:\/\/givannacastelo.es\/#\/schema\/logo\/image\/\",\"url\":\"https:\/\/givannacastelo.es\/wp-content\/uploads\/2025\/09\/Asset-1-1-2.png\",\"contentUrl\":\"https:\/\/givannacastelo.es\/wp-content\/uploads\/2025\/09\/Asset-1-1-2.png\",\"width\":184,\"height\":177,\"caption\":\"Givanna Castelo\"},\"image\":{\"@id\":\"https:\/\/givannacastelo.es\/#\/schema\/logo\/image\/\"}}]}<\/script>\n<!-- \/ Yoast SEO plugin. -->","yoast_head_json":{"title":"Conjunto de Blusa y Pantal\u00f3n BLESS ME Ref. BM22050-48 - Givanna Castelo","description":"Conjunto de Blusa y Pantal\u00f3n BLESS ME Ref. BM22050-48","robots":{"index":"index","follow":"follow","max-snippet":"max-snippet:-1","max-image-preview":"max-image-preview:large","max-video-preview":"max-video-preview:-1"},"canonical":"https:\/\/givannacastelo.es\/index.php\/producto\/conjunto-de-blusa-y-pantalon-bless-me-ref-bm22050-48\/","og_locale":"es_ES","og_type":"article","og_title":"Conjunto de Blusa y Pantal\u00f3n BLESS ME Ref. BM22050-48 - Givanna Castelo","og_description":"Conjunto de Blusa y Pantal\u00f3n BLESS ME Ref. BM22050-48","og_url":"https:\/\/givannacastelo.es\/index.php\/producto\/conjunto-de-blusa-y-pantalon-bless-me-ref-bm22050-48\/","og_site_name":"Givanna Castelo","article_modified_time":"2025-10-03T18:23:21+00:00","og_image":[{"width":1680,"height":2560,"url":"https:\/\/givannacastelo.es\/wp-content\/uploads\/2025\/09\/https___images.colombiaespassion.net_921752055323-scaled.jpg","type":"image\/jpeg"}],"twitter_card":"summary_large_image","twitter_misc":{"Tiempo de lectura":"1 minuto"},"schema":{"@context":"https:\/\/schema.org","@graph":[{"@type":"WebPage","@id":"https:\/\/givannacastelo.es\/index.php\/producto\/conjunto-de-blusa-y-pantalon-bless-me-ref-bm22050-48\/","url":"https:\/\/givannacastelo.es\/index.php\/producto\/conjunto-de-blusa-y-pantalon-bless-me-ref-bm22050-48\/","name":"Conjunto de Blusa y Pantal\u00f3n BLESS ME Ref. BM22050-48 - Givanna Castelo","isPartOf":{"@id":"https:\/\/givannacastelo.es\/#website"},"primaryImageOfPage":{"@id":"https:\/\/givannacastelo.es\/index.php\/producto\/conjunto-de-blusa-y-pantalon-bless-me-ref-bm22050-48\/#primaryimage"},"image":{"@id":"https:\/\/givannacastelo.es\/index.php\/producto\/conjunto-de-blusa-y-pantalon-bless-me-ref-bm22050-48\/#primaryimage"},"thumbnailUrl":"https:\/\/givannacastelo.es\/wp-content\/uploads\/2025\/09\/https___images.colombiaespassion.net_921752055323-scaled.jpg","datePublished":"2025-09-14T22:43:14+00:00","dateModified":"2025-10-03T18:23:21+00:00","description":"Conjunto de Blusa y Pantal\u00f3n BLESS ME Ref. BM22050-48","breadcrumb":{"@id":"https:\/\/givannacastelo.es\/index.php\/producto\/conjunto-de-blusa-y-pantalon-bless-me-ref-bm22050-48\/#breadcrumb"},"inLanguage":"es","potentialAction":[{"@type":"ReadAction","target":["https:\/\/givannacastelo.es\/index.php\/producto\/conjunto-de-blusa-y-pantalon-bless-me-ref-bm22050-48\/"]}]},{"@type":"ImageObject","inLanguage":"es","@id":"https:\/\/givannacastelo.es\/index.php\/producto\/conjunto-de-blusa-y-pantalon-bless-me-ref-bm22050-48\/#primaryimage","url":"https:\/\/givannacastelo.es\/wp-content\/uploads\/2025\/09\/https___images.colombiaespassion.net_921752055323-scaled.jpg","contentUrl":"https:\/\/givannacastelo.es\/wp-content\/uploads\/2025\/09\/https___images.colombiaespassion.net_921752055323-scaled.jpg","width":1680,"height":2560},{"@type":"BreadcrumbList","@id":"https:\/\/givannacastelo.es\/index.php\/producto\/conjunto-de-blusa-y-pantalon-bless-me-ref-bm22050-48\/#breadcrumb","itemListElement":[{"@type":"ListItem","position":1,"name":"Portada","item":"https:\/\/givannacastelo.es\/"},{"@type":"ListItem","position":2,"name":"Tienda","item":"https:\/\/givannacastelo.es\/index.php\/tienda\/"},{"@type":"ListItem","position":3,"name":"Conjunto de Blusa y Pantal\u00f3n BLESS ME Ref. BM22050-48"}]},{"@type":"WebSite","@id":"https:\/\/givannacastelo.es\/#website","url":"https:\/\/givannacastelo.es\/","name":"Givanna Castelo","description":"Descubre en Givanna Castelo las \u00faltimas tendencias en moda para mujer y hombre. Ropa de calidad, estilo \u00fanico y precios accesibles para que siempre luzcas espectacular. \u00a1Compra f\u00e1cil y r\u00e1pido online!","publisher":{"@id":"https:\/\/givannacastelo.es\/#organization"},"alternateName":"givannacastelo.es","potentialAction":[{"@type":"SearchAction","target":{"@type":"EntryPoint","urlTemplate":"https:\/\/givannacastelo.es\/?s={search_term_string}"},"query-input":{"@type":"PropertyValueSpecification","valueRequired":true,"valueName":"search_term_string"}}],"inLanguage":"es"},{"@type":"Organization","@id":"https:\/\/givannacastelo.es\/#organization","name":"Givanna Castelo","alternateName":"givanna castelo","url":"https:\/\/givannacastelo.es\/","logo":{"@type":"ImageObject","inLanguage":"es","@id":"https:\/\/givannacastelo.es\/#\/schema\/logo\/image\/","url":"https:\/\/givannacastelo.es\/wp-content\/uploads\/2025\/09\/Asset-1-1-2.png","contentUrl":"https:\/\/givannacastelo.es\/wp-content\/uploads\/2025\/09\/Asset-1-1-2.png","width":184,"height":177,"caption":"Givanna Castelo"},"image":{"@id":"https:\/\/givannacastelo.es\/#\/schema\/logo\/image\/"}}]}},"jetpack_sharing_enabled":true,"_links":{"self":[{"href":"https:\/\/givannacastelo.es\/index.php\/wp-json\/wp\/v2\/product\/670","targetHints":{"allow":["GET"]}}],"collection":[{"href":"https:\/\/givannacastelo.es\/index.php\/wp-json\/wp\/v2\/product"}],"about":[{"href":"https:\/\/givannacastelo.es\/index.php\/wp-json\/wp\/v2\/types\/product"}],"replies":[{"embeddable":true,"href":"https:\/\/givannacastelo.es\/index.php\/wp-json\/wp\/v2\/comments?post=670"}],"wp:featuredmedia":[{"embeddable":true,"href":"https:\/\/givannacastelo.es\/index.php\/wp-json\/wp\/v2\/media\/688"}],"wp:attachment":[{"href":"https:\/\/givannacastelo.es\/index.php\/wp-json\/wp\/v2\/media?parent=670"}],"wp:term":[{"taxonomy":"product_brand","embeddable":true,"href":"https:\/\/givannacastelo.es\/index.php\/wp-json\/wp\/v2\/product_brand?post=670"},{"taxonomy":"product_cat","embeddable":true,"href":"https:\/\/givannacastelo.es\/index.php\/wp-json\/wp\/v2\/product_cat?post=670"},{"taxonomy":"product_tag","embeddable":true,"href":"https:\/\/givannacastelo.es\/index.php\/wp-json\/wp\/v2\/product_tag?post=670"}],"curies":[{"name":"wp","href":"https:\/\/api.w.org\/{rel}","templated":true}]}}