{"id":10740,"date":"2026-03-06T03:22:37","date_gmt":"2026-03-06T02:22:37","guid":{"rendered":"https:\/\/givannacastelo.es\/?post_type=product&#038;p=10740"},"modified":"2026-03-06T03:29:14","modified_gmt":"2026-03-06T02:29:14","slug":"blusa-manga-larga-colombiana-ref-bm1694-copiavestido-de-fiesta-corto-ref-v650","status":"publish","type":"product","link":"https:\/\/givannacastelo.es\/index.php\/producto\/blusa-manga-larga-colombiana-ref-bm1694-copiavestido-de-fiesta-corto-ref-v650\/","title":{"rendered":"Vestido de Fiesta Corto Ref. V650"},"content":{"rendered":"<p>Este elegante vestido ajustado a la silueta es la opci\u00f3n perfecta para destacar en cualquier ocasi\u00f3n. Su dise\u00f1o con drapeado vertical estiliza y realza tu figura, mientras su largo hasta la rodilla puede ajustarse seg\u00fan tu preferencia para adaptarse a tu estilo.<\/p>\n<p>Confeccionado en mayatex de alta calidad y forrado internamente, ofrece una combinaci\u00f3n ideal de confort y sofisticaci\u00f3n. Sus mangas largas a\u00f1aden un toque refinado, convirti\u00e9ndolo en una prenda vers\u00e1til para eventos tanto formales como casuales.<\/p>\n<p>Descubre el equilibrio entre elegancia y comodidad con este dise\u00f1o exclusivo de Bless Me. \u00a1Elige destacar con confianza y estilo!<\/p>\n","protected":false},"excerpt":{"rendered":"<ul>\n<li>Talla \u00danica<\/li>\n<\/ul>\n","protected":false},"featured_media":10680,"comment_status":"open","ping_status":"closed","template":"","meta":{"_et_pb_use_builder":"","_et_pb_old_content":"","_et_gb_content_width":""},"product_brand":[],"product_cat":[231,235,32],"product_tag":[666,340,550,339],"class_list":{"0":"post-10740","1":"product","2":"type-product","3":"status-publish","4":"has-post-thumbnail","6":"product_cat-vestidos-2","7":"product_cat-vestidos-cortos","8":"product_cat-vestidos","9":"product_tag-vestido-bless-me","10":"product_tag-vestido-colombiano","11":"product_tag-vestido-corto-de-fiesta","12":"product_tag-vestido-sensual","14":"first","15":"instock","16":"shipping-taxable","17":"purchasable","18":"product-type-simple"},"yoast_head":"<!-- This site is optimized with the Yoast SEO plugin v25.9 - https:\/\/yoast.com\/wordpress\/plugins\/seo\/ -->\n<title>Vestido de Fiesta Corto Ref. V650 - Givanna Castelo<\/title>\n<meta name=\"description\" content=\"Vestido de Fiesta Corto Ref. V650\" \/>\n<meta name=\"robots\" content=\"index, follow, max-snippet:-1, max-image-preview:large, max-video-preview:-1\" \/>\n<link rel=\"canonical\" href=\"https:\/\/givannacastelo.es\/index.php\/producto\/blusa-manga-larga-colombiana-ref-bm1694-copiavestido-de-fiesta-corto-ref-v650\/\" \/>\n<meta property=\"og:locale\" content=\"es_ES\" \/>\n<meta property=\"og:type\" content=\"article\" \/>\n<meta property=\"og:title\" content=\"Vestido de Fiesta Corto Ref. V650 - Givanna Castelo\" \/>\n<meta property=\"og:description\" content=\"Vestido de Fiesta Corto Ref. V650\" \/>\n<meta property=\"og:url\" content=\"https:\/\/givannacastelo.es\/index.php\/producto\/blusa-manga-larga-colombiana-ref-bm1694-copiavestido-de-fiesta-corto-ref-v650\/\" \/>\n<meta property=\"og:site_name\" content=\"Givanna Castelo\" \/>\n<meta property=\"article:modified_time\" content=\"2026-03-06T02:29:14+00:00\" \/>\n<meta property=\"og:image\" content=\"https:\/\/givannacastelo.es\/wp-content\/uploads\/2026\/02\/IMG-20260218-WA0015.jpg\" \/>\n\t<meta property=\"og:image:width\" content=\"1600\" \/>\n\t<meta property=\"og:image:height\" content=\"1222\" \/>\n\t<meta property=\"og:image:type\" content=\"image\/jpeg\" \/>\n<meta name=\"twitter:card\" content=\"summary_large_image\" \/>\n<meta name=\"twitter:label1\" content=\"Tiempo de lectura\" \/>\n\t<meta name=\"twitter:data1\" content=\"1 minuto\" \/>\n<script type=\"application\/ld+json\" class=\"yoast-schema-graph\">{\"@context\":\"https:\/\/schema.org\",\"@graph\":[{\"@type\":\"WebPage\",\"@id\":\"https:\/\/givannacastelo.es\/index.php\/producto\/blusa-manga-larga-colombiana-ref-bm1694-copiavestido-de-fiesta-corto-ref-v650\/\",\"url\":\"https:\/\/givannacastelo.es\/index.php\/producto\/blusa-manga-larga-colombiana-ref-bm1694-copiavestido-de-fiesta-corto-ref-v650\/\",\"name\":\"Vestido de Fiesta Corto Ref. V650 - Givanna Castelo\",\"isPartOf\":{\"@id\":\"https:\/\/givannacastelo.es\/#website\"},\"primaryImageOfPage\":{\"@id\":\"https:\/\/givannacastelo.es\/index.php\/producto\/blusa-manga-larga-colombiana-ref-bm1694-copiavestido-de-fiesta-corto-ref-v650\/#primaryimage\"},\"image\":{\"@id\":\"https:\/\/givannacastelo.es\/index.php\/producto\/blusa-manga-larga-colombiana-ref-bm1694-copiavestido-de-fiesta-corto-ref-v650\/#primaryimage\"},\"thumbnailUrl\":\"https:\/\/givannacastelo.es\/wp-content\/uploads\/2026\/02\/IMG-20260218-WA0015.jpg\",\"datePublished\":\"2026-03-06T02:22:37+00:00\",\"dateModified\":\"2026-03-06T02:29:14+00:00\",\"description\":\"Vestido de Fiesta Corto Ref. V650\",\"breadcrumb\":{\"@id\":\"https:\/\/givannacastelo.es\/index.php\/producto\/blusa-manga-larga-colombiana-ref-bm1694-copiavestido-de-fiesta-corto-ref-v650\/#breadcrumb\"},\"inLanguage\":\"es\",\"potentialAction\":[{\"@type\":\"ReadAction\",\"target\":[\"https:\/\/givannacastelo.es\/index.php\/producto\/blusa-manga-larga-colombiana-ref-bm1694-copiavestido-de-fiesta-corto-ref-v650\/\"]}]},{\"@type\":\"ImageObject\",\"inLanguage\":\"es\",\"@id\":\"https:\/\/givannacastelo.es\/index.php\/producto\/blusa-manga-larga-colombiana-ref-bm1694-copiavestido-de-fiesta-corto-ref-v650\/#primaryimage\",\"url\":\"https:\/\/givannacastelo.es\/wp-content\/uploads\/2026\/02\/IMG-20260218-WA0015.jpg\",\"contentUrl\":\"https:\/\/givannacastelo.es\/wp-content\/uploads\/2026\/02\/IMG-20260218-WA0015.jpg\",\"width\":1600,\"height\":1222},{\"@type\":\"BreadcrumbList\",\"@id\":\"https:\/\/givannacastelo.es\/index.php\/producto\/blusa-manga-larga-colombiana-ref-bm1694-copiavestido-de-fiesta-corto-ref-v650\/#breadcrumb\",\"itemListElement\":[{\"@type\":\"ListItem\",\"position\":1,\"name\":\"Portada\",\"item\":\"https:\/\/givannacastelo.es\/\"},{\"@type\":\"ListItem\",\"position\":2,\"name\":\"Tienda\",\"item\":\"https:\/\/givannacastelo.es\/index.php\/tienda\/\"},{\"@type\":\"ListItem\",\"position\":3,\"name\":\"Vestido de Fiesta Corto Ref. V650\"}]},{\"@type\":\"WebSite\",\"@id\":\"https:\/\/givannacastelo.es\/#website\",\"url\":\"https:\/\/givannacastelo.es\/\",\"name\":\"Givanna Castelo\",\"description\":\"Descubre en Givanna Castelo las \u00faltimas tendencias en moda para mujer y hombre. Ropa de calidad, estilo \u00fanico y precios accesibles para que siempre luzcas espectacular. \u00a1Compra f\u00e1cil y r\u00e1pido online!\",\"publisher\":{\"@id\":\"https:\/\/givannacastelo.es\/#organization\"},\"alternateName\":\"givannacastelo.es\",\"potentialAction\":[{\"@type\":\"SearchAction\",\"target\":{\"@type\":\"EntryPoint\",\"urlTemplate\":\"https:\/\/givannacastelo.es\/?s={search_term_string}\"},\"query-input\":{\"@type\":\"PropertyValueSpecification\",\"valueRequired\":true,\"valueName\":\"search_term_string\"}}],\"inLanguage\":\"es\"},{\"@type\":\"Organization\",\"@id\":\"https:\/\/givannacastelo.es\/#organization\",\"name\":\"Givanna Castelo\",\"alternateName\":\"givanna castelo\",\"url\":\"https:\/\/givannacastelo.es\/\",\"logo\":{\"@type\":\"ImageObject\",\"inLanguage\":\"es\",\"@id\":\"https:\/\/givannacastelo.es\/#\/schema\/logo\/image\/\",\"url\":\"https:\/\/givannacastelo.es\/wp-content\/uploads\/2025\/09\/Asset-1-1-2.png\",\"contentUrl\":\"https:\/\/givannacastelo.es\/wp-content\/uploads\/2025\/09\/Asset-1-1-2.png\",\"width\":184,\"height\":177,\"caption\":\"Givanna Castelo\"},\"image\":{\"@id\":\"https:\/\/givannacastelo.es\/#\/schema\/logo\/image\/\"}}]}<\/script>\n<!-- \/ Yoast SEO plugin. -->","yoast_head_json":{"title":"Vestido de Fiesta Corto Ref. V650 - Givanna Castelo","description":"Vestido de Fiesta Corto Ref. V650","robots":{"index":"index","follow":"follow","max-snippet":"max-snippet:-1","max-image-preview":"max-image-preview:large","max-video-preview":"max-video-preview:-1"},"canonical":"https:\/\/givannacastelo.es\/index.php\/producto\/blusa-manga-larga-colombiana-ref-bm1694-copiavestido-de-fiesta-corto-ref-v650\/","og_locale":"es_ES","og_type":"article","og_title":"Vestido de Fiesta Corto Ref. V650 - Givanna Castelo","og_description":"Vestido de Fiesta Corto Ref. V650","og_url":"https:\/\/givannacastelo.es\/index.php\/producto\/blusa-manga-larga-colombiana-ref-bm1694-copiavestido-de-fiesta-corto-ref-v650\/","og_site_name":"Givanna Castelo","article_modified_time":"2026-03-06T02:29:14+00:00","og_image":[{"width":1600,"height":1222,"url":"https:\/\/givannacastelo.es\/wp-content\/uploads\/2026\/02\/IMG-20260218-WA0015.jpg","type":"image\/jpeg"}],"twitter_card":"summary_large_image","twitter_misc":{"Tiempo de lectura":"1 minuto"},"schema":{"@context":"https:\/\/schema.org","@graph":[{"@type":"WebPage","@id":"https:\/\/givannacastelo.es\/index.php\/producto\/blusa-manga-larga-colombiana-ref-bm1694-copiavestido-de-fiesta-corto-ref-v650\/","url":"https:\/\/givannacastelo.es\/index.php\/producto\/blusa-manga-larga-colombiana-ref-bm1694-copiavestido-de-fiesta-corto-ref-v650\/","name":"Vestido de Fiesta Corto Ref. V650 - Givanna Castelo","isPartOf":{"@id":"https:\/\/givannacastelo.es\/#website"},"primaryImageOfPage":{"@id":"https:\/\/givannacastelo.es\/index.php\/producto\/blusa-manga-larga-colombiana-ref-bm1694-copiavestido-de-fiesta-corto-ref-v650\/#primaryimage"},"image":{"@id":"https:\/\/givannacastelo.es\/index.php\/producto\/blusa-manga-larga-colombiana-ref-bm1694-copiavestido-de-fiesta-corto-ref-v650\/#primaryimage"},"thumbnailUrl":"https:\/\/givannacastelo.es\/wp-content\/uploads\/2026\/02\/IMG-20260218-WA0015.jpg","datePublished":"2026-03-06T02:22:37+00:00","dateModified":"2026-03-06T02:29:14+00:00","description":"Vestido de Fiesta Corto Ref. V650","breadcrumb":{"@id":"https:\/\/givannacastelo.es\/index.php\/producto\/blusa-manga-larga-colombiana-ref-bm1694-copiavestido-de-fiesta-corto-ref-v650\/#breadcrumb"},"inLanguage":"es","potentialAction":[{"@type":"ReadAction","target":["https:\/\/givannacastelo.es\/index.php\/producto\/blusa-manga-larga-colombiana-ref-bm1694-copiavestido-de-fiesta-corto-ref-v650\/"]}]},{"@type":"ImageObject","inLanguage":"es","@id":"https:\/\/givannacastelo.es\/index.php\/producto\/blusa-manga-larga-colombiana-ref-bm1694-copiavestido-de-fiesta-corto-ref-v650\/#primaryimage","url":"https:\/\/givannacastelo.es\/wp-content\/uploads\/2026\/02\/IMG-20260218-WA0015.jpg","contentUrl":"https:\/\/givannacastelo.es\/wp-content\/uploads\/2026\/02\/IMG-20260218-WA0015.jpg","width":1600,"height":1222},{"@type":"BreadcrumbList","@id":"https:\/\/givannacastelo.es\/index.php\/producto\/blusa-manga-larga-colombiana-ref-bm1694-copiavestido-de-fiesta-corto-ref-v650\/#breadcrumb","itemListElement":[{"@type":"ListItem","position":1,"name":"Portada","item":"https:\/\/givannacastelo.es\/"},{"@type":"ListItem","position":2,"name":"Tienda","item":"https:\/\/givannacastelo.es\/index.php\/tienda\/"},{"@type":"ListItem","position":3,"name":"Vestido de Fiesta Corto Ref. V650"}]},{"@type":"WebSite","@id":"https:\/\/givannacastelo.es\/#website","url":"https:\/\/givannacastelo.es\/","name":"Givanna Castelo","description":"Descubre en Givanna Castelo las \u00faltimas tendencias en moda para mujer y hombre. Ropa de calidad, estilo \u00fanico y precios accesibles para que siempre luzcas espectacular. \u00a1Compra f\u00e1cil y r\u00e1pido online!","publisher":{"@id":"https:\/\/givannacastelo.es\/#organization"},"alternateName":"givannacastelo.es","potentialAction":[{"@type":"SearchAction","target":{"@type":"EntryPoint","urlTemplate":"https:\/\/givannacastelo.es\/?s={search_term_string}"},"query-input":{"@type":"PropertyValueSpecification","valueRequired":true,"valueName":"search_term_string"}}],"inLanguage":"es"},{"@type":"Organization","@id":"https:\/\/givannacastelo.es\/#organization","name":"Givanna Castelo","alternateName":"givanna castelo","url":"https:\/\/givannacastelo.es\/","logo":{"@type":"ImageObject","inLanguage":"es","@id":"https:\/\/givannacastelo.es\/#\/schema\/logo\/image\/","url":"https:\/\/givannacastelo.es\/wp-content\/uploads\/2025\/09\/Asset-1-1-2.png","contentUrl":"https:\/\/givannacastelo.es\/wp-content\/uploads\/2025\/09\/Asset-1-1-2.png","width":184,"height":177,"caption":"Givanna Castelo"},"image":{"@id":"https:\/\/givannacastelo.es\/#\/schema\/logo\/image\/"}}]}},"jetpack_sharing_enabled":true,"_links":{"self":[{"href":"https:\/\/givannacastelo.es\/index.php\/wp-json\/wp\/v2\/product\/10740","targetHints":{"allow":["GET"]}}],"collection":[{"href":"https:\/\/givannacastelo.es\/index.php\/wp-json\/wp\/v2\/product"}],"about":[{"href":"https:\/\/givannacastelo.es\/index.php\/wp-json\/wp\/v2\/types\/product"}],"replies":[{"embeddable":true,"href":"https:\/\/givannacastelo.es\/index.php\/wp-json\/wp\/v2\/comments?post=10740"}],"wp:featuredmedia":[{"embeddable":true,"href":"https:\/\/givannacastelo.es\/index.php\/wp-json\/wp\/v2\/media\/10680"}],"wp:attachment":[{"href":"https:\/\/givannacastelo.es\/index.php\/wp-json\/wp\/v2\/media?parent=10740"}],"wp:term":[{"taxonomy":"product_brand","embeddable":true,"href":"https:\/\/givannacastelo.es\/index.php\/wp-json\/wp\/v2\/product_brand?post=10740"},{"taxonomy":"product_cat","embeddable":true,"href":"https:\/\/givannacastelo.es\/index.php\/wp-json\/wp\/v2\/product_cat?post=10740"},{"taxonomy":"product_tag","embeddable":true,"href":"https:\/\/givannacastelo.es\/index.php\/wp-json\/wp\/v2\/product_tag?post=10740"}],"curies":[{"name":"wp","href":"https:\/\/api.w.org\/{rel}","templated":true}]}}