{"id":10623,"date":"2026-02-22T02:39:21","date_gmt":"2026-02-22T01:39:21","guid":{"rendered":"https:\/\/givannacastelo.es\/?post_type=product&#038;p=10623"},"modified":"2026-02-22T02:48:22","modified_gmt":"2026-02-22T01:48:22","slug":"jeans-colombiano-push-up-ref-b1949","status":"publish","type":"product","link":"https:\/\/givannacastelo.es\/index.php\/producto\/jeans-colombiano-push-up-ref-b1949\/","title":{"rendered":"Jeans Colombiano Push Up Ref. B1949"},"content":{"rendered":"<p data-end=\"450\" data-start=\"150\">\u00a1Un b\u00e1sico con estilo que resalta tu figura! Este jean skinny combina la elegancia del tono \u00edndigo con un dise\u00f1o pensado para moldear y levantar con sutileza. Su pretina alta y costura coraz\u00f3n estilizan tu silueta, mientras que el cintur\u00f3n estampado a\u00f1ade ese toque de personalidad que lo hace \u00fanico.<\/p>\n<ul data-end=\"681\" data-start=\"452\">\n<li data-end=\"483\" data-start=\"452\">\n<p data-end=\"483\" data-start=\"454\">Corte skinny tipo bota tubo<\/p>\n<\/li>\n<li data-end=\"520\" data-start=\"484\">\n<p data-end=\"520\" data-start=\"486\">Pretina alta con control abdomen<\/p>\n<\/li>\n<li data-end=\"560\" data-start=\"521\">\n<p data-end=\"560\" data-start=\"523\">Costura push up en forma de coraz\u00f3n<\/p>\n<\/li>\n<li data-end=\"603\" data-start=\"561\">\n<p data-end=\"603\" data-start=\"563\">Realce doble en los bolsillos traseros<\/p>\n<\/li>\n<li data-end=\"647\" data-start=\"604\">\n<p data-end=\"647\" data-start=\"606\">Tela \u00edndigo licrado de excelente ajuste<\/p>\n<\/li>\n<li data-end=\"681\" data-start=\"648\">\n<p data-end=\"681\" data-start=\"650\">Incluye cintur\u00f3n animal print<\/p>\n<\/li>\n<\/ul>\n<p style=\"font-weight: 400;\" data-end=\"804\" data-start=\"727\"><b><strong data-end=\"804\" data-start=\"727\">Moda colombiana original \u2013 Env\u00edos gratis en Espa\u00f1a \u2013 Entregas en 24 horas<\/strong><\/b><\/p>\n<table style=\"font-weight: 400;\">\n<tbody>\n<tr>\n<td><b>Talla<\/b><\/td>\n<td><b>Cintura (cm)<\/b><\/td>\n<td><b>Cadera (cm)<\/b><\/td>\n<td><b>Largo (cm)<\/b><\/td>\n<\/tr>\n<tr>\n<td>6<\/td>\n<td>62\u201374<\/td>\n<td>76\u201390<\/td>\n<td>97<\/td>\n<\/tr>\n<tr>\n<td>8<\/td>\n<td>68\u201378<\/td>\n<td>82\u2013100<\/td>\n<td>97<\/td>\n<\/tr>\n<tr>\n<td>10<\/td>\n<td>72\u201386<\/td>\n<td>84\u2013102<\/td>\n<td>99<\/td>\n<\/tr>\n<tr>\n<td>12<\/td>\n<td>80\u201388<\/td>\n<td>88\u2013104<\/td>\n<td>100<\/td>\n<\/tr>\n<tr>\n<td>14<\/td>\n<td>88\u2013100<\/td>\n<td>92\u2013110<\/td>\n<td>102<\/td>\n<\/tr>\n<\/tbody>\n<\/table>\n","protected":false},"excerpt":{"rendered":"<p>\u00a1Un b\u00e1sico con estilo que resalta tu figura! Este jean skinny combina la elegancia del tono \u00edndigo con un dise\u00f1o pensado para moldear y levantar con sutileza. Su pretina alta y costura coraz\u00f3n estilizan tu silueta, mientras que el cintur\u00f3n estampado a\u00f1ade ese toque de personalidad que lo hace \u00fanico. Corte skinny tipo bota tubo [&hellip;]<\/p>\n","protected":false},"featured_media":10492,"comment_status":"open","ping_status":"closed","template":"","meta":{"_et_pb_use_builder":"","_et_pb_old_content":"","_et_gb_content_width":""},"product_brand":[],"product_cat":[213,26],"product_tag":[596,49,481,500,47,686],"class_list":{"0":"post-10623","1":"product","2":"type-product","3":"status-publish","4":"has-post-thumbnail","6":"product_cat-pantalones","7":"product_cat-jeans-push-up","8":"product_tag-jean-de-alta-calidad","9":"product_tag-jeans-a-la-moda","10":"product_tag-jeans-ajustados","11":"product_tag-jeans-bota-tubo","12":"product_tag-jeans-push-up","13":"product_tag-tela-indigo","15":"first","16":"instock","17":"shipping-taxable","18":"purchasable","19":"product-type-variable"},"yoast_head":"<!-- This site is optimized with the Yoast SEO plugin v25.9 - https:\/\/yoast.com\/wordpress\/plugins\/seo\/ -->\n<title>Jeans Colombiano Push Up Ref. B1949 - Givanna Castelo<\/title>\n<meta name=\"description\" content=\"Jeans Colombiano Push Up Ref. B1949\" \/>\n<meta name=\"robots\" content=\"index, follow, max-snippet:-1, max-image-preview:large, max-video-preview:-1\" \/>\n<link rel=\"canonical\" href=\"https:\/\/givannacastelo.es\/index.php\/producto\/jeans-colombiano-push-up-ref-b1949\/\" \/>\n<meta property=\"og:locale\" content=\"es_ES\" \/>\n<meta property=\"og:type\" content=\"article\" \/>\n<meta property=\"og:title\" content=\"Jeans Colombiano Push Up Ref. B1949 - Givanna Castelo\" \/>\n<meta property=\"og:description\" content=\"Jeans Colombiano Push Up Ref. B1949\" \/>\n<meta property=\"og:url\" content=\"https:\/\/givannacastelo.es\/index.php\/producto\/jeans-colombiano-push-up-ref-b1949\/\" \/>\n<meta property=\"og:site_name\" content=\"Givanna Castelo\" \/>\n<meta property=\"article:modified_time\" content=\"2026-02-22T01:48:22+00:00\" \/>\n<meta property=\"og:image\" content=\"https:\/\/givannacastelo.es\/wp-content\/uploads\/2026\/02\/IMG-20260209-WA0019.jpg\" \/>\n\t<meta property=\"og:image:width\" content=\"1600\" \/>\n\t<meta property=\"og:image:height\" content=\"1219\" \/>\n\t<meta property=\"og:image:type\" content=\"image\/jpeg\" \/>\n<meta name=\"twitter:card\" content=\"summary_large_image\" \/>\n<meta name=\"twitter:label1\" content=\"Tiempo de lectura\" \/>\n\t<meta name=\"twitter:data1\" content=\"1 minuto\" \/>\n<script type=\"application\/ld+json\" class=\"yoast-schema-graph\">{\"@context\":\"https:\/\/schema.org\",\"@graph\":[{\"@type\":\"WebPage\",\"@id\":\"https:\/\/givannacastelo.es\/index.php\/producto\/jeans-colombiano-push-up-ref-b1949\/\",\"url\":\"https:\/\/givannacastelo.es\/index.php\/producto\/jeans-colombiano-push-up-ref-b1949\/\",\"name\":\"Jeans Colombiano Push Up Ref. B1949 - Givanna Castelo\",\"isPartOf\":{\"@id\":\"https:\/\/givannacastelo.es\/#website\"},\"primaryImageOfPage\":{\"@id\":\"https:\/\/givannacastelo.es\/index.php\/producto\/jeans-colombiano-push-up-ref-b1949\/#primaryimage\"},\"image\":{\"@id\":\"https:\/\/givannacastelo.es\/index.php\/producto\/jeans-colombiano-push-up-ref-b1949\/#primaryimage\"},\"thumbnailUrl\":\"https:\/\/givannacastelo.es\/wp-content\/uploads\/2026\/02\/IMG-20260209-WA0019.jpg\",\"datePublished\":\"2026-02-22T01:39:21+00:00\",\"dateModified\":\"2026-02-22T01:48:22+00:00\",\"description\":\"Jeans Colombiano Push Up Ref. B1949\",\"breadcrumb\":{\"@id\":\"https:\/\/givannacastelo.es\/index.php\/producto\/jeans-colombiano-push-up-ref-b1949\/#breadcrumb\"},\"inLanguage\":\"es\",\"potentialAction\":[{\"@type\":\"ReadAction\",\"target\":[\"https:\/\/givannacastelo.es\/index.php\/producto\/jeans-colombiano-push-up-ref-b1949\/\"]}]},{\"@type\":\"ImageObject\",\"inLanguage\":\"es\",\"@id\":\"https:\/\/givannacastelo.es\/index.php\/producto\/jeans-colombiano-push-up-ref-b1949\/#primaryimage\",\"url\":\"https:\/\/givannacastelo.es\/wp-content\/uploads\/2026\/02\/IMG-20260209-WA0019.jpg\",\"contentUrl\":\"https:\/\/givannacastelo.es\/wp-content\/uploads\/2026\/02\/IMG-20260209-WA0019.jpg\",\"width\":1600,\"height\":1219},{\"@type\":\"BreadcrumbList\",\"@id\":\"https:\/\/givannacastelo.es\/index.php\/producto\/jeans-colombiano-push-up-ref-b1949\/#breadcrumb\",\"itemListElement\":[{\"@type\":\"ListItem\",\"position\":1,\"name\":\"Portada\",\"item\":\"https:\/\/givannacastelo.es\/\"},{\"@type\":\"ListItem\",\"position\":2,\"name\":\"Tienda\",\"item\":\"https:\/\/givannacastelo.es\/index.php\/tienda\/\"},{\"@type\":\"ListItem\",\"position\":3,\"name\":\"Jeans Colombiano Push Up Ref. B1949\"}]},{\"@type\":\"WebSite\",\"@id\":\"https:\/\/givannacastelo.es\/#website\",\"url\":\"https:\/\/givannacastelo.es\/\",\"name\":\"Givanna Castelo\",\"description\":\"Descubre en Givanna Castelo las \u00faltimas tendencias en moda para mujer y hombre. Ropa de calidad, estilo \u00fanico y precios accesibles para que siempre luzcas espectacular. \u00a1Compra f\u00e1cil y r\u00e1pido online!\",\"publisher\":{\"@id\":\"https:\/\/givannacastelo.es\/#organization\"},\"alternateName\":\"givannacastelo.es\",\"potentialAction\":[{\"@type\":\"SearchAction\",\"target\":{\"@type\":\"EntryPoint\",\"urlTemplate\":\"https:\/\/givannacastelo.es\/?s={search_term_string}\"},\"query-input\":{\"@type\":\"PropertyValueSpecification\",\"valueRequired\":true,\"valueName\":\"search_term_string\"}}],\"inLanguage\":\"es\"},{\"@type\":\"Organization\",\"@id\":\"https:\/\/givannacastelo.es\/#organization\",\"name\":\"Givanna Castelo\",\"alternateName\":\"givanna castelo\",\"url\":\"https:\/\/givannacastelo.es\/\",\"logo\":{\"@type\":\"ImageObject\",\"inLanguage\":\"es\",\"@id\":\"https:\/\/givannacastelo.es\/#\/schema\/logo\/image\/\",\"url\":\"https:\/\/givannacastelo.es\/wp-content\/uploads\/2025\/09\/Asset-1-1-2.png\",\"contentUrl\":\"https:\/\/givannacastelo.es\/wp-content\/uploads\/2025\/09\/Asset-1-1-2.png\",\"width\":184,\"height\":177,\"caption\":\"Givanna Castelo\"},\"image\":{\"@id\":\"https:\/\/givannacastelo.es\/#\/schema\/logo\/image\/\"}}]}<\/script>\n<!-- \/ Yoast SEO plugin. -->","yoast_head_json":{"title":"Jeans Colombiano Push Up Ref. B1949 - Givanna Castelo","description":"Jeans Colombiano Push Up Ref. B1949","robots":{"index":"index","follow":"follow","max-snippet":"max-snippet:-1","max-image-preview":"max-image-preview:large","max-video-preview":"max-video-preview:-1"},"canonical":"https:\/\/givannacastelo.es\/index.php\/producto\/jeans-colombiano-push-up-ref-b1949\/","og_locale":"es_ES","og_type":"article","og_title":"Jeans Colombiano Push Up Ref. B1949 - Givanna Castelo","og_description":"Jeans Colombiano Push Up Ref. B1949","og_url":"https:\/\/givannacastelo.es\/index.php\/producto\/jeans-colombiano-push-up-ref-b1949\/","og_site_name":"Givanna Castelo","article_modified_time":"2026-02-22T01:48:22+00:00","og_image":[{"width":1600,"height":1219,"url":"https:\/\/givannacastelo.es\/wp-content\/uploads\/2026\/02\/IMG-20260209-WA0019.jpg","type":"image\/jpeg"}],"twitter_card":"summary_large_image","twitter_misc":{"Tiempo de lectura":"1 minuto"},"schema":{"@context":"https:\/\/schema.org","@graph":[{"@type":"WebPage","@id":"https:\/\/givannacastelo.es\/index.php\/producto\/jeans-colombiano-push-up-ref-b1949\/","url":"https:\/\/givannacastelo.es\/index.php\/producto\/jeans-colombiano-push-up-ref-b1949\/","name":"Jeans Colombiano Push Up Ref. B1949 - Givanna Castelo","isPartOf":{"@id":"https:\/\/givannacastelo.es\/#website"},"primaryImageOfPage":{"@id":"https:\/\/givannacastelo.es\/index.php\/producto\/jeans-colombiano-push-up-ref-b1949\/#primaryimage"},"image":{"@id":"https:\/\/givannacastelo.es\/index.php\/producto\/jeans-colombiano-push-up-ref-b1949\/#primaryimage"},"thumbnailUrl":"https:\/\/givannacastelo.es\/wp-content\/uploads\/2026\/02\/IMG-20260209-WA0019.jpg","datePublished":"2026-02-22T01:39:21+00:00","dateModified":"2026-02-22T01:48:22+00:00","description":"Jeans Colombiano Push Up Ref. B1949","breadcrumb":{"@id":"https:\/\/givannacastelo.es\/index.php\/producto\/jeans-colombiano-push-up-ref-b1949\/#breadcrumb"},"inLanguage":"es","potentialAction":[{"@type":"ReadAction","target":["https:\/\/givannacastelo.es\/index.php\/producto\/jeans-colombiano-push-up-ref-b1949\/"]}]},{"@type":"ImageObject","inLanguage":"es","@id":"https:\/\/givannacastelo.es\/index.php\/producto\/jeans-colombiano-push-up-ref-b1949\/#primaryimage","url":"https:\/\/givannacastelo.es\/wp-content\/uploads\/2026\/02\/IMG-20260209-WA0019.jpg","contentUrl":"https:\/\/givannacastelo.es\/wp-content\/uploads\/2026\/02\/IMG-20260209-WA0019.jpg","width":1600,"height":1219},{"@type":"BreadcrumbList","@id":"https:\/\/givannacastelo.es\/index.php\/producto\/jeans-colombiano-push-up-ref-b1949\/#breadcrumb","itemListElement":[{"@type":"ListItem","position":1,"name":"Portada","item":"https:\/\/givannacastelo.es\/"},{"@type":"ListItem","position":2,"name":"Tienda","item":"https:\/\/givannacastelo.es\/index.php\/tienda\/"},{"@type":"ListItem","position":3,"name":"Jeans Colombiano Push Up Ref. B1949"}]},{"@type":"WebSite","@id":"https:\/\/givannacastelo.es\/#website","url":"https:\/\/givannacastelo.es\/","name":"Givanna Castelo","description":"Descubre en Givanna Castelo las \u00faltimas tendencias en moda para mujer y hombre. Ropa de calidad, estilo \u00fanico y precios accesibles para que siempre luzcas espectacular. \u00a1Compra f\u00e1cil y r\u00e1pido online!","publisher":{"@id":"https:\/\/givannacastelo.es\/#organization"},"alternateName":"givannacastelo.es","potentialAction":[{"@type":"SearchAction","target":{"@type":"EntryPoint","urlTemplate":"https:\/\/givannacastelo.es\/?s={search_term_string}"},"query-input":{"@type":"PropertyValueSpecification","valueRequired":true,"valueName":"search_term_string"}}],"inLanguage":"es"},{"@type":"Organization","@id":"https:\/\/givannacastelo.es\/#organization","name":"Givanna Castelo","alternateName":"givanna castelo","url":"https:\/\/givannacastelo.es\/","logo":{"@type":"ImageObject","inLanguage":"es","@id":"https:\/\/givannacastelo.es\/#\/schema\/logo\/image\/","url":"https:\/\/givannacastelo.es\/wp-content\/uploads\/2025\/09\/Asset-1-1-2.png","contentUrl":"https:\/\/givannacastelo.es\/wp-content\/uploads\/2025\/09\/Asset-1-1-2.png","width":184,"height":177,"caption":"Givanna Castelo"},"image":{"@id":"https:\/\/givannacastelo.es\/#\/schema\/logo\/image\/"}}]}},"jetpack_sharing_enabled":true,"_links":{"self":[{"href":"https:\/\/givannacastelo.es\/index.php\/wp-json\/wp\/v2\/product\/10623","targetHints":{"allow":["GET"]}}],"collection":[{"href":"https:\/\/givannacastelo.es\/index.php\/wp-json\/wp\/v2\/product"}],"about":[{"href":"https:\/\/givannacastelo.es\/index.php\/wp-json\/wp\/v2\/types\/product"}],"replies":[{"embeddable":true,"href":"https:\/\/givannacastelo.es\/index.php\/wp-json\/wp\/v2\/comments?post=10623"}],"wp:featuredmedia":[{"embeddable":true,"href":"https:\/\/givannacastelo.es\/index.php\/wp-json\/wp\/v2\/media\/10492"}],"wp:attachment":[{"href":"https:\/\/givannacastelo.es\/index.php\/wp-json\/wp\/v2\/media?parent=10623"}],"wp:term":[{"taxonomy":"product_brand","embeddable":true,"href":"https:\/\/givannacastelo.es\/index.php\/wp-json\/wp\/v2\/product_brand?post=10623"},{"taxonomy":"product_cat","embeddable":true,"href":"https:\/\/givannacastelo.es\/index.php\/wp-json\/wp\/v2\/product_cat?post=10623"},{"taxonomy":"product_tag","embeddable":true,"href":"https:\/\/givannacastelo.es\/index.php\/wp-json\/wp\/v2\/product_tag?post=10623"}],"curies":[{"name":"wp","href":"https:\/\/api.w.org\/{rel}","templated":true}]}}